{"id":39,"date":"2015-02-19T08:36:17","date_gmt":"2015-02-19T08:36:17","guid":{"rendered":"http:\/\/ferronnerie-art-normandie.com\/?page_id=39"},"modified":"2022-04-18T07:34:25","modified_gmt":"2022-04-18T07:34:25","slug":"decoration","status":"publish","type":"page","link":"https:\/\/ferronnerie-art-normandie.com\/?page_id=39","title":{"rendered":"D\u00e9coration"},"content":{"rendered":"<p style=\"text-align: center;\">des id\u00e9es cadeaux originales, uniques et personnalis\u00e9es&#8230;<\/p>\n<p style=\"text-align: center;\">pendules, miroirs, vases, pr\u00e9sentations de table, bougeoirs, etc&#8230;<\/p>\n<p style=\"text-align: center;\">il est possible de r\u00e9aliser toutes pi\u00e8ces selon les souhaits des clients&#8230;<\/p>\n<p style=\"text-align: center;\"><a href=\"http:\/\/ferronnerie-art-normandie.com\/wp-content\/uploads\/2015\/02\/14-LE-VALEGANT-CREATION-VASE-2-vues.jpg\"><img loading=\"lazy\" class=\"alignnone size-medium wp-image-151\" src=\"http:\/\/ferronnerie-art-normandie.com\/wp-content\/uploads\/2015\/02\/14-LE-VALEGANT-CREATION-VASE-2-vues-297x300.jpg\" alt=\"14 LE VALEGANT CREATION VASE 2 vues\" width=\"297\" height=\"300\" srcset=\"https:\/\/ferronnerie-art-normandie.com\/wp-content\/uploads\/2015\/02\/14-LE-VALEGANT-CREATION-VASE-2-vues-297x300.jpg 297w, https:\/\/ferronnerie-art-normandie.com\/wp-content\/uploads\/2015\/02\/14-LE-VALEGANT-CREATION-VASE-2-vues-1015x1024.jpg 1015w\" sizes=\"(max-width: 297px) 100vw, 297px\" \/><\/a><\/p>\n<table>\n<tbody>\n<tr>\n<td>\n<div id=\"attachment_67\" style=\"width: 310px\" class=\"wp-caption alignnone\"><a href=\"http:\/\/ferronnerie-art-normandie.com\/wp-content\/uploads\/2015\/02\/PHOTOS-WIX0019.jpg\"><img aria-describedby=\"caption-attachment-67\" loading=\"lazy\" class=\"wp-image-67 size-medium\" src=\"http:\/\/ferronnerie-art-normandie.com\/wp-content\/uploads\/2015\/02\/PHOTOS-WIX0019-300x225.jpg\" alt=\"pendule bois et m\u00e9tal \" width=\"300\" height=\"225\" srcset=\"https:\/\/ferronnerie-art-normandie.com\/wp-content\/uploads\/2015\/02\/PHOTOS-WIX0019-300x225.jpg 300w, https:\/\/ferronnerie-art-normandie.com\/wp-content\/uploads\/2015\/02\/PHOTOS-WIX0019.jpg 800w\" sizes=\"(max-width: 300px) 100vw, 300px\" \/><\/a><p id=\"caption-attachment-67\" class=\"wp-caption-text\">pendule ch\u00eane massif et fer \u00e0 b\u00e9ton<\/p><\/div>\n<\/td>\n<td>\n<div id=\"attachment_141\" style=\"width: 235px\" class=\"wp-caption alignnone\"><a href=\"http:\/\/ferronnerie-art-normandie.com\/wp-content\/uploads\/2015\/02\/horloge-2.jpg\"><img aria-describedby=\"caption-attachment-141\" loading=\"lazy\" class=\"wp-image-141 size-medium\" src=\"http:\/\/ferronnerie-art-normandie.com\/wp-content\/uploads\/2015\/02\/horloge-2-225x300.jpg\" alt=\"id\u00e9e cadeau horloge bois massif et m\u00e9tal\" width=\"225\" height=\"300\" srcset=\"https:\/\/ferronnerie-art-normandie.com\/wp-content\/uploads\/2015\/02\/horloge-2-225x300.jpg 225w, https:\/\/ferronnerie-art-normandie.com\/wp-content\/uploads\/2015\/02\/horloge-2-768x1024.jpg 768w\" sizes=\"(max-width: 225px) 100vw, 225px\" \/><\/a><p id=\"caption-attachment-141\" class=\"wp-caption-text\">id\u00e9e cadeau horloge bois massif et m\u00e9tal<\/p><\/div>\n<\/td>\n<\/tr>\n<tr>\n<td>\n<div id=\"attachment_142\" style=\"width: 177px\" class=\"wp-caption alignnone\"><a href=\"http:\/\/ferronnerie-art-normandie.com\/wp-content\/uploads\/2015\/02\/15-LE-VALEGANT-CREATION-VASE.jpg\"><img aria-describedby=\"caption-attachment-142\" loading=\"lazy\" class=\"wp-image-142 size-medium\" src=\"http:\/\/ferronnerie-art-normandie.com\/wp-content\/uploads\/2015\/02\/15-LE-VALEGANT-CREATION-VASE-167x300.jpg\" alt=\"vase haut\" width=\"167\" height=\"300\" srcset=\"https:\/\/ferronnerie-art-normandie.com\/wp-content\/uploads\/2015\/02\/15-LE-VALEGANT-CREATION-VASE-167x300.jpg 167w, https:\/\/ferronnerie-art-normandie.com\/wp-content\/uploads\/2015\/02\/15-LE-VALEGANT-CREATION-VASE-570x1024.jpg 570w\" sizes=\"(max-width: 167px) 100vw, 167px\" \/><\/a><p id=\"caption-attachment-142\" class=\"wp-caption-text\">id\u00e9e cadeau : le vase haut<\/p><\/div>\n<\/td>\n<td>\n<div id=\"attachment_143\" style=\"width: 284px\" class=\"wp-caption alignnone\"><a href=\"http:\/\/ferronnerie-art-normandie.com\/wp-content\/uploads\/2015\/02\/vase-1.jpg\"><img aria-describedby=\"caption-attachment-143\" loading=\"lazy\" class=\"wp-image-143 size-medium\" src=\"http:\/\/ferronnerie-art-normandie.com\/wp-content\/uploads\/2015\/02\/vase-1-274x300.jpg\" alt=\"vase m\u00e9tal\" width=\"274\" height=\"300\" srcset=\"https:\/\/ferronnerie-art-normandie.com\/wp-content\/uploads\/2015\/02\/vase-1-274x300.jpg 274w, https:\/\/ferronnerie-art-normandie.com\/wp-content\/uploads\/2015\/02\/vase-1-936x1024.jpg 936w\" sizes=\"(max-width: 274px) 100vw, 274px\" \/><\/a><p id=\"caption-attachment-143\" class=\"wp-caption-text\">id\u00e9e cadeau originale le vase m\u00e9tal<\/p><\/div>\n<\/td>\n<\/tr>\n<tr>\n<td>\n<div id=\"attachment_144\" style=\"width: 310px\" class=\"wp-caption alignnone\"><a href=\"http:\/\/ferronnerie-art-normandie.com\/wp-content\/uploads\/2015\/02\/bougeoir-table-1.jpg\"><img aria-describedby=\"caption-attachment-144\" loading=\"lazy\" class=\"wp-image-144 size-medium\" src=\"http:\/\/ferronnerie-art-normandie.com\/wp-content\/uploads\/2015\/02\/bougeoir-table-1-300x225.jpg\" alt=\"bougeoir de table m\u00e9tal et photophores\" width=\"300\" height=\"225\" srcset=\"https:\/\/ferronnerie-art-normandie.com\/wp-content\/uploads\/2015\/02\/bougeoir-table-1-300x225.jpg 300w, https:\/\/ferronnerie-art-normandie.com\/wp-content\/uploads\/2015\/02\/bougeoir-table-1-1024x768.jpg 1024w\" sizes=\"(max-width: 300px) 100vw, 300px\" \/><\/a><p id=\"caption-attachment-144\" class=\"wp-caption-text\">id\u00e9e d\u00e9co, le bougeoir de table m\u00e9tal et photophores<\/p><\/div>\n<\/td>\n<td>\n<div id=\"attachment_145\" style=\"width: 310px\" class=\"wp-caption alignnone\"><a href=\"http:\/\/ferronnerie-art-normandie.com\/wp-content\/uploads\/2015\/02\/bougeoir-table-2.jpg\"><img aria-describedby=\"caption-attachment-145\" loading=\"lazy\" class=\"wp-image-145 size-medium\" src=\"http:\/\/ferronnerie-art-normandie.com\/wp-content\/uploads\/2015\/02\/bougeoir-table-2-300x225.jpg\" alt=\"bougeoir table de nuit\" width=\"300\" height=\"225\" srcset=\"https:\/\/ferronnerie-art-normandie.com\/wp-content\/uploads\/2015\/02\/bougeoir-table-2-300x225.jpg 300w, https:\/\/ferronnerie-art-normandie.com\/wp-content\/uploads\/2015\/02\/bougeoir-table-2-1024x768.jpg 1024w\" sizes=\"(max-width: 300px) 100vw, 300px\" \/><\/a><p id=\"caption-attachment-145\" class=\"wp-caption-text\">id\u00e9e cadeau d\u00eener romantique, le bougeoir de table<\/p><\/div>\n<\/td>\n<\/tr>\n<tr>\n<td>\n<div id=\"attachment_146\" style=\"width: 310px\" class=\"wp-caption alignnone\"><a href=\"http:\/\/ferronnerie-art-normandie.com\/wp-content\/uploads\/2015\/02\/miroir-ovale.jpg\"><img aria-describedby=\"caption-attachment-146\" loading=\"lazy\" class=\"wp-image-146 size-medium\" src=\"http:\/\/ferronnerie-art-normandie.com\/wp-content\/uploads\/2015\/02\/miroir-ovale-300x225.jpg\" alt=\"miroir ovale m\u00e9tal existe en version ronde\" width=\"300\" height=\"225\" srcset=\"https:\/\/ferronnerie-art-normandie.com\/wp-content\/uploads\/2015\/02\/miroir-ovale-300x225.jpg 300w, https:\/\/ferronnerie-art-normandie.com\/wp-content\/uploads\/2015\/02\/miroir-ovale-1024x768.jpg 1024w\" sizes=\"(max-width: 300px) 100vw, 300px\" \/><\/a><p id=\"caption-attachment-146\" class=\"wp-caption-text\">id\u00e9e d\u00e9co, le miroir ovale m\u00e9tal, d\u00e9j\u00e0 r\u00e9alis\u00e9 en version ronde<\/p><\/div>\n<\/td>\n<td>\n<div id=\"attachment_147\" style=\"width: 136px\" class=\"wp-caption alignnone\"><a href=\"http:\/\/ferronnerie-art-normandie.com\/wp-content\/uploads\/2015\/02\/psych\u00e9e.jpg\"><img aria-describedby=\"caption-attachment-147\" loading=\"lazy\" class=\"wp-image-147 size-medium\" src=\"http:\/\/ferronnerie-art-normandie.com\/wp-content\/uploads\/2015\/02\/psych\u00e9e-126x300.jpg\" alt=\"psych\u00e9e fer \u00e0 b\u00e9ton et miroir\" width=\"126\" height=\"300\" srcset=\"https:\/\/ferronnerie-art-normandie.com\/wp-content\/uploads\/2015\/02\/psych\u00e9e-126x300.jpg 126w, https:\/\/ferronnerie-art-normandie.com\/wp-content\/uploads\/2015\/02\/psych\u00e9e-431x1024.jpg 431w, https:\/\/ferronnerie-art-normandie.com\/wp-content\/uploads\/2015\/02\/psych\u00e9e.jpg 1467w\" sizes=\"(max-width: 126px) 100vw, 126px\" \/><\/a><p id=\"caption-attachment-147\" class=\"wp-caption-text\">id\u00e9e d\u00e9co originale, psych\u00e9e<br \/>fer \u00e0 b\u00e9ton et miroir<\/p><\/div>\n<\/td>\n<\/tr>\n<tr>\n<td>\n<div id=\"attachment_148\" style=\"width: 231px\" class=\"wp-caption alignnone\"><a href=\"http:\/\/ferronnerie-art-normandie.com\/wp-content\/uploads\/2015\/02\/aquarium-plantes.jpg\"><img aria-describedby=\"caption-attachment-148\" loading=\"lazy\" class=\"wp-image-148 size-medium\" src=\"http:\/\/ferronnerie-art-normandie.com\/wp-content\/uploads\/2015\/02\/aquarium-plantes-221x300.jpg\" alt=\"support aquarium en fer avec plantes grasses\" width=\"221\" height=\"300\" srcset=\"https:\/\/ferronnerie-art-normandie.com\/wp-content\/uploads\/2015\/02\/aquarium-plantes-221x300.jpg 221w, https:\/\/ferronnerie-art-normandie.com\/wp-content\/uploads\/2015\/02\/aquarium-plantes-755x1024.jpg 755w\" sizes=\"(max-width: 221px) 100vw, 221px\" \/><\/a><p id=\"caption-attachment-148\" class=\"wp-caption-text\">id\u00e9e cadeau po\u00e9tique, le support aquarium en fer avec plantes grasses<\/p><\/div>\n<\/td>\n<td>\n<div id=\"attachment_149\" style=\"width: 163px\" class=\"wp-caption alignnone\"><a href=\"http:\/\/ferronnerie-art-normandie.com\/wp-content\/uploads\/2015\/02\/17-LE-VALEGANT-CREATION-VASE-vue-2.jpg\"><img aria-describedby=\"caption-attachment-149\" loading=\"lazy\" class=\"wp-image-149 size-medium\" src=\"http:\/\/ferronnerie-art-normandie.com\/wp-content\/uploads\/2015\/02\/17-LE-VALEGANT-CREATION-VASE-vue-2-153x300.jpg\" alt=\"vase haut avec roses\" width=\"153\" height=\"300\" srcset=\"https:\/\/ferronnerie-art-normandie.com\/wp-content\/uploads\/2015\/02\/17-LE-VALEGANT-CREATION-VASE-vue-2-153x300.jpg 153w, https:\/\/ferronnerie-art-normandie.com\/wp-content\/uploads\/2015\/02\/17-LE-VALEGANT-CREATION-VASE-vue-2-524x1024.jpg 524w\" sizes=\"(max-width: 153px) 100vw, 153px\" \/><\/a><p id=\"caption-attachment-149\" class=\"wp-caption-text\">id\u00e9e cadeau fleurs, le vase haut pr\u00e9sent\u00e9 ici avec des roses<\/p><\/div>\n<\/td>\n<\/tr>\n<tr>\n<td>\n<div id=\"attachment_257\" style=\"width: 235px\" class=\"wp-caption alignnone\"><a href=\"http:\/\/ferronnerie-art-normandie.com\/wp-content\/uploads\/2015\/05\/cadeau-fete-des-m\u00e8res0005.jpg\"><img aria-describedby=\"caption-attachment-257\" loading=\"lazy\" class=\"size-medium wp-image-257\" src=\"http:\/\/ferronnerie-art-normandie.com\/wp-content\/uploads\/2015\/05\/cadeau-fete-des-m\u00e8res0005-225x300.jpg\" alt=\"soliflore fer forg\u00e9 et verre\" width=\"225\" height=\"300\" srcset=\"https:\/\/ferronnerie-art-normandie.com\/wp-content\/uploads\/2015\/05\/cadeau-fete-des-m\u00e8res0005-225x300.jpg 225w, https:\/\/ferronnerie-art-normandie.com\/wp-content\/uploads\/2015\/05\/cadeau-fete-des-m\u00e8res0005.jpg 360w\" sizes=\"(max-width: 225px) 100vw, 225px\" \/><\/a><p id=\"caption-attachment-257\" class=\"wp-caption-text\">soliflore fer forg\u00e9 et verre<\/p><\/div>\n<\/td>\n<td>\n<div id=\"attachment_259\" style=\"width: 235px\" class=\"wp-caption alignnone\"><a href=\"http:\/\/ferronnerie-art-normandie.com\/wp-content\/uploads\/2015\/05\/cadeau-fete-des-m\u00e8res0002.jpg\"><img aria-describedby=\"caption-attachment-259\" loading=\"lazy\" class=\"size-medium wp-image-259\" src=\"http:\/\/ferronnerie-art-normandie.com\/wp-content\/uploads\/2015\/05\/cadeau-fete-des-m\u00e8res0002-225x300.jpg\" alt=\"soliflore fer forg\u00e9 et verre\" width=\"225\" height=\"300\" srcset=\"https:\/\/ferronnerie-art-normandie.com\/wp-content\/uploads\/2015\/05\/cadeau-fete-des-m\u00e8res0002-225x300.jpg 225w, https:\/\/ferronnerie-art-normandie.com\/wp-content\/uploads\/2015\/05\/cadeau-fete-des-m\u00e8res0002.jpg 360w\" sizes=\"(max-width: 225px) 100vw, 225px\" \/><\/a><p id=\"caption-attachment-259\" class=\"wp-caption-text\">soliflore fer forg\u00e9 et verre<\/p><\/div>\n<\/td>\n<\/tr>\n<tr>\n<td>\n<div id=\"attachment_260\" style=\"width: 310px\" class=\"wp-caption alignnone\"><a href=\"http:\/\/ferronnerie-art-normandie.com\/wp-content\/uploads\/2015\/05\/cadeau-fete-des-m\u00e8res0011.jpg\"><img aria-describedby=\"caption-attachment-260\" loading=\"lazy\" class=\"size-medium wp-image-260\" src=\"http:\/\/ferronnerie-art-normandie.com\/wp-content\/uploads\/2015\/05\/cadeau-fete-des-m\u00e8res0011-300x225.jpg\" alt=\"support photophore en fer forg\u00e9\" width=\"300\" height=\"225\" srcset=\"https:\/\/ferronnerie-art-normandie.com\/wp-content\/uploads\/2015\/05\/cadeau-fete-des-m\u00e8res0011-300x225.jpg 300w, https:\/\/ferronnerie-art-normandie.com\/wp-content\/uploads\/2015\/05\/cadeau-fete-des-m\u00e8res0011.jpg 640w\" sizes=\"(max-width: 300px) 100vw, 300px\" \/><\/a><p id=\"caption-attachment-260\" class=\"wp-caption-text\">support photophore en fer forg\u00e9<\/p><\/div>\n<\/td>\n<td>\n<div id=\"attachment_262\" style=\"width: 310px\" class=\"wp-caption alignnone\"><a href=\"http:\/\/ferronnerie-art-normandie.com\/wp-content\/uploads\/2015\/05\/cadeau-fete-des-m\u00e8res0012.jpg\"><img aria-describedby=\"caption-attachment-262\" loading=\"lazy\" class=\"size-medium wp-image-262\" src=\"http:\/\/ferronnerie-art-normandie.com\/wp-content\/uploads\/2015\/05\/cadeau-fete-des-m\u00e8res0012-300x225.jpg\" alt=\"support photophore en fer forg\u00e9, vue dessus\" width=\"300\" height=\"225\" srcset=\"https:\/\/ferronnerie-art-normandie.com\/wp-content\/uploads\/2015\/05\/cadeau-fete-des-m\u00e8res0012-300x225.jpg 300w, https:\/\/ferronnerie-art-normandie.com\/wp-content\/uploads\/2015\/05\/cadeau-fete-des-m\u00e8res0012.jpg 640w\" sizes=\"(max-width: 300px) 100vw, 300px\" \/><\/a><p id=\"caption-attachment-262\" class=\"wp-caption-text\">support photophore en fer forg\u00e9, vue dessus<\/p><\/div>\n<\/td>\n<\/tr>\n<\/tbody>\n<\/table>\n<table>\n<tbody>\n<tr>\n<td><a href=\"http:\/\/ferronnerie-art-normandie.com\/wp-content\/uploads\/2016\/02\/IMGP3308.jpg\" rel=\"attachment wp-att-339\"><img loading=\"lazy\" class=\"alignnone size-medium wp-image-339\" src=\"http:\/\/ferronnerie-art-normandie.com\/wp-content\/uploads\/2016\/02\/IMGP3308-225x300.jpg\" alt=\"vase st valentin en fer forg\u00e9\" width=\"225\" height=\"300\" srcset=\"https:\/\/ferronnerie-art-normandie.com\/wp-content\/uploads\/2016\/02\/IMGP3308-225x300.jpg 225w, https:\/\/ferronnerie-art-normandie.com\/wp-content\/uploads\/2016\/02\/IMGP3308.jpg 480w\" sizes=\"(max-width: 225px) 100vw, 225px\" \/><\/a><\/td>\n<td><a href=\"http:\/\/ferronnerie-art-normandie.com\/wp-content\/uploads\/2016\/02\/IMGP3304.jpg\" rel=\"attachment wp-att-336\"><img loading=\"lazy\" class=\"alignnone size-medium wp-image-336\" src=\"http:\/\/ferronnerie-art-normandie.com\/wp-content\/uploads\/2016\/02\/IMGP3304-225x300.jpg\" alt=\"vase st valentin en fer forg\u00e9\" width=\"225\" height=\"300\" srcset=\"https:\/\/ferronnerie-art-normandie.com\/wp-content\/uploads\/2016\/02\/IMGP3304-225x300.jpg 225w, https:\/\/ferronnerie-art-normandie.com\/wp-content\/uploads\/2016\/02\/IMGP3304.jpg 480w\" sizes=\"(max-width: 225px) 100vw, 225px\" \/><\/a><\/td>\n<\/tr>\n<tr>\n<td><img loading=\"lazy\" class=\"alignnone size-full wp-image-542\" src=\"http:\/\/ferronnerie-art-normandie.com\/wp-content\/uploads\/2015\/02\/CADRE0002.jpg\" alt=\"\" width=\"640\" height=\"480\" srcset=\"https:\/\/ferronnerie-art-normandie.com\/wp-content\/uploads\/2015\/02\/CADRE0002.jpg 640w, https:\/\/ferronnerie-art-normandie.com\/wp-content\/uploads\/2015\/02\/CADRE0002-300x225.jpg 300w\" sizes=\"(max-width: 640px) 100vw, 640px\" \/><\/td>\n<td><img loading=\"lazy\" class=\"alignnone size-full wp-image-543\" src=\"http:\/\/ferronnerie-art-normandie.com\/wp-content\/uploads\/2015\/02\/CADRE0003.jpg\" alt=\"\" width=\"640\" height=\"480\" srcset=\"https:\/\/ferronnerie-art-normandie.com\/wp-content\/uploads\/2015\/02\/CADRE0003.jpg 640w, https:\/\/ferronnerie-art-normandie.com\/wp-content\/uploads\/2015\/02\/CADRE0003-300x225.jpg 300w\" sizes=\"(max-width: 640px) 100vw, 640px\" \/><\/td>\n<\/tr>\n<\/tbody>\n<\/table>\n\n\n<figure class=\"wp-block-image size-large is-resized\"><a href=\"http:\/\/ferronnerie-art-normandie.com\/wp-content\/uploads\/2022\/04\/COQUELICOT-scaled.jpg\"><img loading=\"lazy\" src=\"http:\/\/ferronnerie-art-normandie.com\/wp-content\/uploads\/2022\/04\/COQUELICOT-768x1024.jpg\" alt=\"\" class=\"wp-image-1728\" width=\"325\" height=\"433\" srcset=\"https:\/\/ferronnerie-art-normandie.com\/wp-content\/uploads\/2022\/04\/COQUELICOT-768x1024.jpg 768w, https:\/\/ferronnerie-art-normandie.com\/wp-content\/uploads\/2022\/04\/COQUELICOT-225x300.jpg 225w, https:\/\/ferronnerie-art-normandie.com\/wp-content\/uploads\/2022\/04\/COQUELICOT-1152x1536.jpg 1152w, https:\/\/ferronnerie-art-normandie.com\/wp-content\/uploads\/2022\/04\/COQUELICOT-1536x2048.jpg 1536w, https:\/\/ferronnerie-art-normandie.com\/wp-content\/uploads\/2022\/04\/COQUELICOT-scaled.jpg 1920w\" sizes=\"(max-width: 325px) 100vw, 325px\" \/><\/a><figcaption>coquelicot<\/figcaption><\/figure>\n","protected":false},"excerpt":{"rendered":"<p>des id\u00e9es cadeaux originales, uniques et personnalis\u00e9es&#8230; pendules, miroirs, vases, pr\u00e9sentations de table, bougeoirs, etc&#8230; il est possible de r\u00e9aliser toutes pi\u00e8ces selon les souhaits des clients&#8230;<\/p>\n","protected":false},"author":1,"featured_media":0,"parent":0,"menu_order":0,"comment_status":"closed","ping_status":"closed","template":"","meta":{"_mi_skip_tracking":false,"_monsterinsights_skip_tracking":false,"_monsterinsights_sitenote_active":false,"_monsterinsights_sitenote_note":"","_monsterinsights_sitenote_category":0},"_links":{"self":[{"href":"https:\/\/ferronnerie-art-normandie.com\/index.php?rest_route=\/wp\/v2\/pages\/39"}],"collection":[{"href":"https:\/\/ferronnerie-art-normandie.com\/index.php?rest_route=\/wp\/v2\/pages"}],"about":[{"href":"https:\/\/ferronnerie-art-normandie.com\/index.php?rest_route=\/wp\/v2\/types\/page"}],"author":[{"embeddable":true,"href":"https:\/\/ferronnerie-art-normandie.com\/index.php?rest_route=\/wp\/v2\/users\/1"}],"replies":[{"embeddable":true,"href":"https:\/\/ferronnerie-art-normandie.com\/index.php?rest_route=%2Fwp%2Fv2%2Fcomments&post=39"}],"version-history":[{"count":0,"href":"https:\/\/ferronnerie-art-normandie.com\/index.php?rest_route=\/wp\/v2\/pages\/39\/revisions"}],"wp:attachment":[{"href":"https:\/\/ferronnerie-art-normandie.com\/index.php?rest_route=%2Fwp%2Fv2%2Fmedia&parent=39"}],"curies":[{"name":"wp","href":"https:\/\/api.w.org\/{rel}","templated":true}]}}