{"id":31,"date":"2015-02-19T08:34:53","date_gmt":"2015-02-19T08:34:53","guid":{"rendered":"http:\/\/ferronnerie-art-normandie.com\/?page_id=31"},"modified":"2022-04-18T07:03:09","modified_gmt":"2022-04-18T07:03:09","slug":"portails","status":"publish","type":"page","link":"https:\/\/ferronnerie-art-normandie.com\/?page_id=31","title":{"rendered":"Portails"},"content":{"rendered":"<p>\u00a0<\/p>\n<p style=\"text-align: left;\">Portails originaux sur mesure qui r\u00e9sistent \u00e0 l&rsquo;usure du temps.<\/p>\n<div style=\"text-align: center;\">\n<div style=\"margin: 8px 0px 4px;\"><a href=\"http:\/\/www.calameo.com\/books\/004194653b87876810abf\" target=\"_blank\" rel=\"noopener\">artisan ferronnerie paris<\/a><\/div>\n<p><iframe loading=\"lazy\" style=\"margin: 0 auto;\" src=\"\/\/v.calameo.com\/?bkcode=004194653b87876810abf\" width=\"300\" height=\"194\" frameborder=\"0\" scrolling=\"no\" allowfullscreen=\"allowfullscreen\"><\/iframe><\/p>\n<div style=\"margin: 4px 0px 8px;\"><a href=\"http:\/\/www.calameo.com\/\" target=\"_blank\" rel=\"noopener\">Lire plus de publications sur Calam\u00e9o<\/a><\/div>\n<\/div>\n<table class=\" aligncenter\" style=\"height: 1116px;\" width=\"694\">\n<tbody>\n<tr>\n<td style=\"text-align: right;\" width=\"302\">\u00a0<\/td>\n<td width=\"302\">\u00a0<\/td>\n<\/tr>\n<tr>\n<td width=\"302\">\n<div id=\"attachment_131\" style=\"width: 211px\" class=\"wp-caption alignnone\"><a href=\"http:\/\/ferronnerie-art-normandie.com\/wp-content\/uploads\/2015\/02\/PORTAIL-TOPHE-SANS-TAULE.jpg\"><img aria-describedby=\"caption-attachment-131\" loading=\"lazy\" class=\" wp-image-131\" src=\"http:\/\/ferronnerie-art-normandie.com\/wp-content\/uploads\/2015\/02\/PORTAIL-TOPHE-SANS-TAULE-300x205.jpg\" alt=\"portail m\u00e9tal arbre  sans taule\" width=\"201\" height=\"138\" srcset=\"https:\/\/ferronnerie-art-normandie.com\/wp-content\/uploads\/2015\/02\/PORTAIL-TOPHE-SANS-TAULE-300x205.jpg 300w, https:\/\/ferronnerie-art-normandie.com\/wp-content\/uploads\/2015\/02\/PORTAIL-TOPHE-SANS-TAULE.jpg 614w\" sizes=\"(max-width: 201px) 100vw, 201px\" \/><\/a><p id=\"caption-attachment-131\" class=\"wp-caption-text\">portail m\u00e9tal arbre<br \/>sans taule<\/p><\/div>\n<\/td>\n<td width=\"302\">\n<div id=\"attachment_134\" style=\"width: 210px\" class=\"wp-caption alignnone\"><a href=\"http:\/\/ferronnerie-art-normandie.com\/wp-content\/uploads\/2015\/02\/portail-cricri.jpg\"><img aria-describedby=\"caption-attachment-134\" loading=\"lazy\" class=\" wp-image-134\" src=\"http:\/\/ferronnerie-art-normandie.com\/wp-content\/uploads\/2015\/02\/portail-cricri-300x225.jpg\" alt=\"portail d'inspiration v\u00e9g\u00e9tale pour un client paysagiste (avec taules)\" width=\"200\" height=\"151\" srcset=\"https:\/\/ferronnerie-art-normandie.com\/wp-content\/uploads\/2015\/02\/portail-cricri-300x225.jpg 300w, https:\/\/ferronnerie-art-normandie.com\/wp-content\/uploads\/2015\/02\/portail-cricri.jpg 1024w\" sizes=\"(max-width: 200px) 100vw, 200px\" \/><\/a><p id=\"caption-attachment-134\" class=\"wp-caption-text\">portail d&rsquo;inspiration v\u00e9g\u00e9tale pour un client paysagiste (avec taules)<\/p><\/div>\n<\/td>\n<\/tr>\n<tr>\n<td width=\"302\">\n<div id=\"attachment_135\" style=\"width: 222px\" class=\"wp-caption alignnone\"><a href=\"http:\/\/ferronnerie-art-normandie.com\/wp-content\/uploads\/2015\/02\/portail-cricri-nuit-wix0001.jpg\"><img aria-describedby=\"caption-attachment-135\" loading=\"lazy\" class=\" wp-image-135\" src=\"http:\/\/ferronnerie-art-normandie.com\/wp-content\/uploads\/2015\/02\/portail-cricri-nuit-wix0001-300x200.jpg\" alt=\"portail arbre de nuit, les piliers forment les troncs, les vantaux accueillent les branches\" width=\"212\" height=\"141\" srcset=\"https:\/\/ferronnerie-art-normandie.com\/wp-content\/uploads\/2015\/02\/portail-cricri-nuit-wix0001-300x200.jpg 300w, https:\/\/ferronnerie-art-normandie.com\/wp-content\/uploads\/2015\/02\/portail-cricri-nuit-wix0001.jpg 640w\" sizes=\"(max-width: 212px) 100vw, 212px\" \/><\/a><p id=\"caption-attachment-135\" class=\"wp-caption-text\">portail arbre de nuit,<br \/>les piliers forment les troncs, les vantaux accueillent les branches<\/p><\/div>\n<\/td>\n<td width=\"302\">\n<div id=\"attachment_137\" style=\"width: 216px\" class=\"wp-caption alignnone\"><a href=\"http:\/\/ferronnerie-art-normandie.com\/wp-content\/uploads\/2015\/02\/PORTAIL-CHEVAUX-NUIT.jpg\"><img aria-describedby=\"caption-attachment-137\" loading=\"lazy\" class=\" wp-image-137\" src=\"http:\/\/ferronnerie-art-normandie.com\/wp-content\/uploads\/2015\/02\/PORTAIL-CHEVAUX-NUIT-300x200.jpg\" alt=\"2 chevaux cabr\u00e9s en m\u00e9tal pour embellir le portail d'un client passionn\u00e9\" width=\"206\" height=\"137\" srcset=\"https:\/\/ferronnerie-art-normandie.com\/wp-content\/uploads\/2015\/02\/PORTAIL-CHEVAUX-NUIT-300x200.jpg 300w, https:\/\/ferronnerie-art-normandie.com\/wp-content\/uploads\/2015\/02\/PORTAIL-CHEVAUX-NUIT.jpg 640w\" sizes=\"(max-width: 206px) 100vw, 206px\" \/><\/a><p id=\"caption-attachment-137\" class=\"wp-caption-text\">2 chevaux cabr\u00e9s en m\u00e9tal pour embellir le portail d&rsquo;un client passionn\u00e9<\/p><\/div>\n<\/td>\n<\/tr>\n<tr>\n<td width=\"302\">\n<div id=\"attachment_54\" style=\"width: 216px\" class=\"wp-caption alignnone\"><a href=\"http:\/\/ferronnerie-art-normandie.com\/wp-content\/uploads\/2015\/02\/PHOTOS-WIX0031.jpg\"><img aria-describedby=\"caption-attachment-54\" loading=\"lazy\" class=\" wp-image-54\" src=\"http:\/\/ferronnerie-art-normandie.com\/wp-content\/uploads\/2015\/02\/PHOTOS-WIX0031-300x225.jpg\" alt=\"petit portail simple et classique\" width=\"206\" height=\"155\" srcset=\"https:\/\/ferronnerie-art-normandie.com\/wp-content\/uploads\/2015\/02\/PHOTOS-WIX0031-300x225.jpg 300w, https:\/\/ferronnerie-art-normandie.com\/wp-content\/uploads\/2015\/02\/PHOTOS-WIX0031.jpg 800w\" sizes=\"(max-width: 206px) 100vw, 206px\" \/><\/a><p id=\"caption-attachment-54\" class=\"wp-caption-text\">petit portail simple et classique<\/p><\/div>\n<\/td>\n<td width=\"302\">\n<div id=\"attachment_53\" style=\"width: 212px\" class=\"wp-caption alignnone\"><a href=\"http:\/\/ferronnerie-art-normandie.com\/wp-content\/uploads\/2015\/02\/PHOTOS-WIX0029.jpg\"><img aria-describedby=\"caption-attachment-53\" loading=\"lazy\" class=\" wp-image-53\" src=\"http:\/\/ferronnerie-art-normandie.com\/wp-content\/uploads\/2015\/02\/PHOTOS-WIX0029-300x225.jpg\" alt=\"portail classique sur mesure avec des barreaux en rayons de soleil\" width=\"202\" height=\"151\" srcset=\"https:\/\/ferronnerie-art-normandie.com\/wp-content\/uploads\/2015\/02\/PHOTOS-WIX0029-300x225.jpg 300w, https:\/\/ferronnerie-art-normandie.com\/wp-content\/uploads\/2015\/02\/PHOTOS-WIX0029.jpg 800w\" sizes=\"(max-width: 202px) 100vw, 202px\" \/><\/a><p id=\"caption-attachment-53\" class=\"wp-caption-text\">portail classique sur mesure avec des barreaux en rayons de soleil<\/p><\/div>\n<\/td>\n<\/tr>\n<tr>\n<td width=\"302\">\n<div id=\"attachment_133\" style=\"width: 232px\" class=\"wp-caption alignnone\"><a href=\"http:\/\/ferronnerie-art-normandie.com\/wp-content\/uploads\/2015\/02\/portail-client-christophe2.jpg\"><img aria-describedby=\"caption-attachment-133\" loading=\"lazy\" class=\" wp-image-133\" src=\"http:\/\/ferronnerie-art-normandie.com\/wp-content\/uploads\/2015\/02\/portail-client-christophe2-300x170.jpg\" alt=\"portail m\u00e9tallique simple\" width=\"222\" height=\"126\" srcset=\"https:\/\/ferronnerie-art-normandie.com\/wp-content\/uploads\/2015\/02\/portail-client-christophe2-300x170.jpg 300w, https:\/\/ferronnerie-art-normandie.com\/wp-content\/uploads\/2015\/02\/portail-client-christophe2.jpg 453w\" sizes=\"(max-width: 222px) 100vw, 222px\" \/><\/a><p id=\"caption-attachment-133\" class=\"wp-caption-text\">portail m\u00e9tallique simple<\/p><\/div>\n<\/td>\n<td width=\"302\">\n<div id=\"attachment_120\" style=\"width: 132px\" class=\"wp-caption alignnone\"><a href=\"http:\/\/ferronnerie-art-normandie.com\/wp-content\/uploads\/2015\/02\/portillon.jpg\"><img aria-describedby=\"caption-attachment-120\" loading=\"lazy\" class=\" wp-image-120\" src=\"http:\/\/ferronnerie-art-normandie.com\/wp-content\/uploads\/2015\/02\/portillon-225x300.jpg\" alt=\"portillon m\u00e9tal d'inspiration v\u00e9g\u00e9tale pour int\u00e9rieur ou ext\u00e9rieur\" width=\"122\" height=\"162\" srcset=\"https:\/\/ferronnerie-art-normandie.com\/wp-content\/uploads\/2015\/02\/portillon-225x300.jpg 225w, https:\/\/ferronnerie-art-normandie.com\/wp-content\/uploads\/2015\/02\/portillon-768x1024.jpg 768w\" sizes=\"(max-width: 122px) 100vw, 122px\" \/><\/a><p id=\"caption-attachment-120\" class=\"wp-caption-text\">portillon m\u00e9tal d&rsquo;inspiration v\u00e9g\u00e9tale pour int\u00e9rieur ou ext\u00e9rieur<\/p><\/div>\n<\/td>\n<\/tr>\n<\/tbody>\n<\/table>\n\n\n<figure class=\"wp-block-image size-large is-resized\"><a href=\"http:\/\/ferronnerie-art-normandie.com\/wp-content\/uploads\/2022\/04\/PORTAIL-FLEURS-2-1-scaled.jpg\"><img loading=\"lazy\" src=\"http:\/\/ferronnerie-art-normandie.com\/wp-content\/uploads\/2022\/04\/PORTAIL-FLEURS-2-1-1024x576.jpg\" alt=\"\" class=\"wp-image-1708\" width=\"360\" height=\"202\" srcset=\"https:\/\/ferronnerie-art-normandie.com\/wp-content\/uploads\/2022\/04\/PORTAIL-FLEURS-2-1-1024x576.jpg 1024w, https:\/\/ferronnerie-art-normandie.com\/wp-content\/uploads\/2022\/04\/PORTAIL-FLEURS-2-1-300x169.jpg 300w, https:\/\/ferronnerie-art-normandie.com\/wp-content\/uploads\/2022\/04\/PORTAIL-FLEURS-2-1-768x432.jpg 768w, https:\/\/ferronnerie-art-normandie.com\/wp-content\/uploads\/2022\/04\/PORTAIL-FLEURS-2-1-1536x864.jpg 1536w, https:\/\/ferronnerie-art-normandie.com\/wp-content\/uploads\/2022\/04\/PORTAIL-FLEURS-2-1-2048x1152.jpg 2048w\" sizes=\"(max-width: 360px) 100vw, 360px\" \/><\/a><figcaption>portail fleurs<\/figcaption><\/figure>\n\n\n\n<figure class=\"wp-block-image size-full is-resized\"><a href=\"http:\/\/ferronnerie-art-normandie.com\/wp-content\/uploads\/2022\/04\/PORTAIL-OISEAUX-PEINT-2.jpg\"><img loading=\"lazy\" src=\"http:\/\/ferronnerie-art-normandie.com\/wp-content\/uploads\/2022\/04\/PORTAIL-OISEAUX-PEINT-2.jpg\" alt=\"\" class=\"wp-image-1713\" width=\"365\" height=\"274\" srcset=\"https:\/\/ferronnerie-art-normandie.com\/wp-content\/uploads\/2022\/04\/PORTAIL-OISEAUX-PEINT-2.jpg 1008w, https:\/\/ferronnerie-art-normandie.com\/wp-content\/uploads\/2022\/04\/PORTAIL-OISEAUX-PEINT-2-300x225.jpg 300w, https:\/\/ferronnerie-art-normandie.com\/wp-content\/uploads\/2022\/04\/PORTAIL-OISEAUX-PEINT-2-768x576.jpg 768w\" sizes=\"(max-width: 365px) 100vw, 365px\" \/><\/a><figcaption>portail oiseaux des marais<\/figcaption><\/figure>\n\n\n","protected":false},"excerpt":{"rendered":"<p>\u00a0 Portails originaux sur mesure qui r\u00e9sistent \u00e0 l&rsquo;usure du temps. artisan ferronnerie paris Lire plus de publications sur Calam\u00e9o \u00a0 \u00a0<\/p>\n","protected":false},"author":1,"featured_media":0,"parent":0,"menu_order":0,"comment_status":"closed","ping_status":"closed","template":"","meta":{"_mi_skip_tracking":false,"_monsterinsights_skip_tracking":false,"_monsterinsights_sitenote_active":false,"_monsterinsights_sitenote_note":"","_monsterinsights_sitenote_category":0},"_links":{"self":[{"href":"https:\/\/ferronnerie-art-normandie.com\/index.php?rest_route=\/wp\/v2\/pages\/31"}],"collection":[{"href":"https:\/\/ferronnerie-art-normandie.com\/index.php?rest_route=\/wp\/v2\/pages"}],"about":[{"href":"https:\/\/ferronnerie-art-normandie.com\/index.php?rest_route=\/wp\/v2\/types\/page"}],"author":[{"embeddable":true,"href":"https:\/\/ferronnerie-art-normandie.com\/index.php?rest_route=\/wp\/v2\/users\/1"}],"replies":[{"embeddable":true,"href":"https:\/\/ferronnerie-art-normandie.com\/index.php?rest_route=%2Fwp%2Fv2%2Fcomments&post=31"}],"version-history":[{"count":0,"href":"https:\/\/ferronnerie-art-normandie.com\/index.php?rest_route=\/wp\/v2\/pages\/31\/revisions"}],"wp:attachment":[{"href":"https:\/\/ferronnerie-art-normandie.com\/index.php?rest_route=%2Fwp%2Fv2%2Fmedia&parent=31"}],"curies":[{"name":"wp","href":"https:\/\/api.w.org\/{rel}","templated":true}]}}